{"id":131,"date":"2013-12-21T21:15:55","date_gmt":"2013-12-21T19:15:55","guid":{"rendered":"http:\/\/dawastlbua.at\/?page_id=131"},"modified":"2026-04-16T12:27:49","modified_gmt":"2026-04-16T11:27:49","slug":"impressum","status":"publish","type":"page","link":"https:\/\/dawastlbua.at\/?page_id=131","title":{"rendered":"Impressum"},"content":{"rendered":"<h1>Adalbert Purer, da W\u00e5stlbua, da Hirschnbua, da Hausruckbiker, &#8230;&#8230;<\/h1>\n<div id=\"c42\">\n<div>\n<h1><\/h1>\n<\/div>\n<\/div>\n<div id=\"c70\">\n<div>\n<div id=\"c68\">\n<h2>Verantwortlicher Ansprechpartner und Betreiber dieser Homepage:<\/h2>\n<h4>Adalbert Purer<\/h4>\n<p>Weinbergweg 14b\/8<\/p>\n<p>4880\u00a0 St. Georgen i. Attergau<br \/>\n<img decoding=\"async\" loading=\"lazy\" class=\"attachment-266x266 size-266x266 alignright\" src=\"http:\/\/bertolucci.lima-city.de\/wp-content\/uploads\/2020\/09\/2016-09-10_Grossglockner_002.jpg\" sizes=\"(max-width: 200px) 100vw, 200px\" srcset=\"https:\/\/bertolucci.lima-city.de\/wp-content\/uploads\/2020\/09\/2016-09-10_Grossglockner_002.jpg 1200w, https:\/\/bertolucci.lima-city.de\/wp-content\/uploads\/2020\/09\/2016-09-10_Grossglockner_002-225x300.jpg 225w, https:\/\/bertolucci.lima-city.de\/wp-content\/uploads\/2020\/09\/2016-09-10_Grossglockner_002-768x1024.jpg 768w, https:\/\/bertolucci.lima-city.de\/wp-content\/uploads\/2020\/09\/2016-09-10_Grossglockner_002-1152x1536.jpg 1152w\" alt=\"\" width=\"200\" height=\"266\" \/><\/p>\n<p>Tel.: 0677 617 910 17<\/p>\n<p>Email: a<a href=\"mailto:adalbert.purer@gmx.at\">dalbert.purer@gmx.at<\/a><br \/>\n<span style=\"color: #00ccff;\">Online seit Dez. 2013<\/span><\/p>\n<\/div>\n<\/div>\n<div><\/div>\n<\/div>\n<div id=\"c260\">\n<div>\n<div>\n<div id=\"c261\">\n<div>\n<h2>Offenlegung gem\u00e4\u00df Mediengesetz \u00a725<\/h2>\n<\/div>\n<\/div>\n<\/div>\n<div><\/div>\n<\/div>\n<\/div>\n<div id=\"c726\">\n<p><a title=\"Initiates file download\" href=\"http:\/\/www.bildstadt.at\/fileadmin\/user_upload\/pdf\/AGB_bildstadt.pdf\">Allgemeine Gesch\u00e4ftsbedingungen<\/a><\/p>\n<\/div>\n<div id=\"c43\">\n<div><\/div>\n<p>Als\u00a0Betreiber der Homepage\u00a0\u00fcbernehme ich\u00a0keinerlei Haftung f\u00fcr die Vollst\u00e4ndigkeit, Richtigkeit und Aktualit\u00e4t der zur Verf\u00fcgung gestellten Informationen. S\u00e4mtliche auf dieser WebSite bereitgestellten\u00a0Fotos unterliegen dem Urheberrecht. Eine \u00fcber den pers\u00f6nlichen und informativen Gebrauch hinausgehende sonstige Verwendung (etwa zu privaten oder gewerblichen Zwecken) ist nur mit Genehmigung des Urhebers gestattet.(Bitte Kontakt aufnehmen) \u00a0Ich \u00fcbernehme keinerlei Verantwortung und distanziere mich\u00a0ausdr\u00fccklich von allen Inhalten verlinkter Seiten oder Grafiken. S\u00e4mtliche Verst\u00f6\u00dfe gegen geltendes Recht, Sitte oder Moral, welche\u00a0mir bekannt sind, haben die L\u00f6schung von Links, Eintr\u00e4gen, Grafiken oder \u00e4hnlichem ohne vorherige Ank\u00fcndigung zur Folge.<\/p>\n<p>Etwaige Kontaktaufnahmen mit dem vorgesehenen Formular sind absolut vertraulich und werden auch dem entsprechend behandelt. Das Formular sollte nur ausschlie\u00dflich f\u00fcr fotografische Zwecke benutzt werden, in welcher Art auch immer.<\/p>\n<\/div>\n<p>Sollten die Inhalte einmal unbeabsichtigt, etwa durch Irrtum, Tippfehler oder Fehlinformation<br \/>\nvon dritter Seite gegen irgendwelche Rechte versto\u00dfen, m\u00f6chte ich\u00a0Sie ausdr\u00fccklich bitten,<br \/>\nsich kurzfristig per Mail oder tel. mit\u00a0mir in Verbindung zu setzen bevor Sie rechtliche Schritte einleiten.<br \/>\nAbmahnungen und Rechtsanwaltskosten sollten dadurch f\u00fcr beide Parteien vermieden werden.<\/p>\n<p>Ich\u00a0verpflichte mich, eventuelle Unklarheiten im Sinne der Schadensminderungspflicht<br \/>\nunb\u00fcrokratisch und einvernehmlich in Ihrem Sinne sofort zu korrigieren.<\/p>\n<p>&nbsp;<\/p>\n<p><strong id=\"datenschutz\">Datenschutzerkl\u00e4rung<\/strong><\/p>\n<p>Verantwortlich f\u00fcr die Verarbeitung Ihrer personenbezogenen Daten auf meiner Website ist Adalbert Purer, Weinbergweg 14b\/8, 4880 St. Georgen i. Attergau. Ich nehme den Schutz Ihrer pers\u00f6nlichen Daten sehr ernst. Ich behandle Ihre personenbezogenen Daten vertraulich und entsprechend der gesetzlichen Datenschutzvorschriften sowie dieser Datenschutzerkl\u00e4rung. Ihre Daten werden ohne Ihre ausdr\u00fcckliche Zustimmung nicht an andere Empf\u00e4nger weitergegeben.<\/p>\n<p><span style=\"color: #00ccff;\">der Webmaster &#8211; adalbert.purer@gmx.at<\/span><\/p>\n","protected":false},"excerpt":{"rendered":"<p>Adalbert Purer, da W\u00e5stlbua, da Hirschnbua, da Hausruckbiker, &#8230;&#8230; Verantwortlicher Ansprechpartner und Betreiber dieser Homepage: Adalbert Purer Weinbergweg 14b\/8 4880\u00a0 St. Georgen i. Attergau Tel.: 0677 617 910 17 Email: adalbert.purer@gmx.at Online seit Dez. 2013 Offenlegung gem\u00e4\u00df Mediengesetz \u00a725 Allgemeine Gesch\u00e4ftsbedingungen Als\u00a0Betreiber der Homepage\u00a0\u00fcbernehme ich\u00a0keinerlei Haftung f\u00fcr die Vollst\u00e4ndigkeit, Richtigkeit und Aktualit\u00e4t der zur Verf\u00fcgung [&hellip;]<\/p>\n","protected":false},"author":1,"featured_media":902,"parent":0,"menu_order":0,"comment_status":"closed","ping_status":"closed","template":"page-fullwidth.php","meta":[],"_links":{"self":[{"href":"https:\/\/dawastlbua.at\/index.php?rest_route=\/wp\/v2\/pages\/131"}],"collection":[{"href":"https:\/\/dawastlbua.at\/index.php?rest_route=\/wp\/v2\/pages"}],"about":[{"href":"https:\/\/dawastlbua.at\/index.php?rest_route=\/wp\/v2\/types\/page"}],"author":[{"embeddable":true,"href":"https:\/\/dawastlbua.at\/index.php?rest_route=\/wp\/v2\/users\/1"}],"replies":[{"embeddable":true,"href":"https:\/\/dawastlbua.at\/index.php?rest_route=%2Fwp%2Fv2%2Fcomments&post=131"}],"version-history":[{"count":23,"href":"https:\/\/dawastlbua.at\/index.php?rest_route=\/wp\/v2\/pages\/131\/revisions"}],"predecessor-version":[{"id":922,"href":"https:\/\/dawastlbua.at\/index.php?rest_route=\/wp\/v2\/pages\/131\/revisions\/922"}],"wp:featuredmedia":[{"embeddable":true,"href":"https:\/\/dawastlbua.at\/index.php?rest_route=\/wp\/v2\/media\/902"}],"wp:attachment":[{"href":"https:\/\/dawastlbua.at\/index.php?rest_route=%2Fwp%2Fv2%2Fmedia&parent=131"}],"curies":[{"name":"wp","href":"https:\/\/api.w.org\/{rel}","templated":true}]}}